mine t(-11).
8
Let z(s) = s**2 - s + 1. Let f(p) = 5*p**2 - 3*p + 12. Let i(j) = -f(j) + 6*z(j). Suppose 369 = 64*n + 49. Calculate i(n).
4
Suppose -5*z + 17 + 3 = 5*g, 7*g + 2*z - 3 = 0. Let m(u) = 2*u + 3. Calculate m(g).
1
Suppose -12*j - 37*j + 108 = -22*j. Let p(v) be the second derivative of 0 - 17*v - 1/4*v**j + 1/3*v**3 + 0*v**2. Calculate p(2).
-8
Let f(a) = -3*a + 85. Let s(n) = 7*n - 172. Let x(i) = 5*f(i) + 3*s(i). Calculate x(17).
11
Suppose 79*y + 19*y = 4*y + 1786. Let b(j) be the second derivative of 0 + y*j - 3/2*j**2 + 1/6*j**3. Give b(6).
3
Let b = 24523 + -24595. Let f(o) = o**2 + 73*o + 72. Give f(b).
0
Let u(o) = -3*o + 2. Let i(x) = -8*x + 6. Let c(p) = -4*i(p) + 11*u(p). Suppose 0 = 5*f - 102 + 27. Let y be (-5)/2*4*(-6)/f. Give c(y).
-6
Let d(u) = -7*u**3 + 6*u**2 - 11*u - 3. Let z = -30 - -31. Let i(o) = -o**3 + 2*o**2 - o - 1. Let w(v) = z*d(v) - 6*i(v). Give w(-5).
3
Let o(s) = -s**2 + 15*s - 6. Let z(u) = u**2 - 177*u + 5950. Let b be z(45). Give o(b).
44
Let m(a) = a**2 + 9*a + 10. Let j = -26 - -29. Let b be j - ((6 - 3) + -4). Suppose -11 = b*c + 17. Calculate m(c).
-4
Let s(m) = -m**2 - 3*m - 1. Let f be (-14)/4 - ((-7)/2)/7. Let a be f/(-18) + 4/(-24) + 6. Let g be ((-4)/(-6) + 0)/(a/(-27)). Determine s(g).
-1
Let o(t) = -7*t - 41. Let n(k) = 3*k + 19. Let s(g) = 9*n(g) + 4*o(g). Let z be s(-3). Let u(l) = l**3 - 9*l**2 - 9*l + 8. What is u(z)?
18
Let x(l) = 10*l + 3*l + 65 - 78 - 8*l + l**2. What is x(-10)?
37
Let z(x) = -x**2 - 8*x - 1. Suppose 336 = -77*d + 29*d. Determine z(d).
6
Let r(p) be the second derivative of -2*p + 0*p**2 + 0 + 1/6*p**3 - 1/6*p**4. Let k(w) = w**3 + 24*w**2 + 76*w + 272. Let q be k(-21). Calculate r(q).
-3
Let f(s) = 4*s**3 - 14*s**2 + 10*s + 44. Let x(r) = r**3 - 5*r**2 + 3*r + 13. Let q(b) = 2*f(b) - 7*x(b). What is q(-5)?
52
Let k(w) = -479*w + 58. Let y(j) = 175*j - 19. Let i(o) = 3*k(o) + 8*y(o). Determine i(2).
-52
Let q(f) be the third derivative of -f**4/6 + f**3 - 356*f**2. Let v(n) = 2*n + 2. Let d be v(3). Let g = d + -2. Give q(g).
-18
Let z(q) = 21*q - 33. Suppose -18*r - 1442 = -1460. Determine z(r).
-12
Let z(j) = 2*j + 2. Suppose x = -2*p - 69, -4*p - 6*x - 141 = -3*x. Let b = p - -29. What is z(b)?
-6
Let b(g) = 4 + 3*g + 20 + g - 3*g. Let u be b(-14). Suppose u*d + 6 = 9*d. Let f(y) = -y - 2. Determine f(d).
4
Let f(g) = g**3 - 8*g**2 + 6*g + 10. Let u be (-4)/22 - 15504/(-209). Suppose y = 5*r + u, -2*y + 2*r + 248 = y. Let p = y - 77. What is f(p)?
3
Let d(c) = 6*c**2 - 2 + 5328*c - 2661*c - 2665*c + c**3. What is d(-6)?
-14
Suppose 3*n - 9 = 3*u - 171, -4*n - 188 = 3*u. Let a = 19 - n. Suppose 77 = -t + a. Let x(d) = -d**3 - 7*d**2 + 10*d + 6. Calculate x(t).
-10
Suppose 0 = -252*k + 243*k + 99. Let d be 40/12 - (-2)/(-6). Suppose d*h = k*h + 16. Let t(a) = 6*a - 1. Calculate t(h).
-13
Let s(b) = -b**2 - 9*b + 3. Let z(f) = 42*f - 467. Suppose 4*j = 2*y - 34, 4*y - 3*y + 5*j + 4 = 0. Let p be z(y). Determine s(p).
23
Let w(q) be the third derivative of q**6/120 - 11*q**5/60 + 7*q**4/24 - 128*q**2 + 2*q. What is w(11)?
77
Let b = -47 + 110. Suppose -3*a + 0*p + b = -5*p, p = 0. Suppose -5*d - a = y + 10, -d + 4*y - 2 = 0. Let j(f) = -f**2 - 6*f - 8. Determine j(d).
-8
Let q(n) = -n**3 - 2*n**2 - 35*n - 14. Let d(w) = -4*w**2 + 4*w + 1. Let g(o) = -4*d(o) - q(o). Calculate g(-17).
-24
Suppose 60 = 4*x + x. Let u(y) = x*y + y**2 + 7 + 0*y**2 + 16*y - 35*y. Give u(7).
7
Let w(y) = -y - 3 + 2*y + 2*y. Let t be (4/18)/(22/396). Suppose -2*n - 4 = -4*k + t, 3*n - 3*k = 0. Give w(n).
9
Let j(t) = t - 8. Let r(h) = h**2 - 33*h - 326. Let a be r(-8). Suppose -6*q = -q + a*v - 35, -5*v = 3*q - 2. Determine j(q).
1
Let d(l) = -l + 18. Let m(k) = -3*k + 51. Let r(q) = 17*d(q) - 6*m(q). Suppose -2*y - i + 5 = 4*i, -5*y + i = 28. Calculate r(y).
-5
Let u = -8 - -14. Let p(f) = 16*f**2 + 21*f - 14. Let t(j) = j**2 + j - 1. Let m(k) = -2*p(k) + 34*t(k). Determine m(u).
18
Let y(n) = 12 + 12*n**2 - 22 + 0*n**2 + 6*n**2 - 14*n + 97 + n**3. Determine y(-19).
-8
Let j be ((-1)/2)/(((-2 - -3)*2)/(-2)). Let t(z) be the first derivative of 10 - 4*z + j*z**2. Determine t(5).
1
Suppose 12*w = -5*b + 13*w + 20, -3*b - 4*w = -12. Let k(g) = -2*g**3 + 5*g**2 + g - 5. Calculate k(b).
-49
Let t(n) = n**2 + n - 2. Suppose -r = 144 - 32. Let l be 2/(-10) + r/40. What is t(l)?
4
Let c(w) = -9*w**2 - 7*w + 6. Let d(m) = 16*m**2 + 14*m - 11. Let k(a) = -9*c(a) - 5*d(a). What is k(4)?
-11
Suppose 2*y + 117*y = -128*y + 1482. Let q(l) = 2*l - 4. Give q(y).
8
Let p(h) = 57*h + 15. Let o(f) = -19*f - 5. Let j(w) = 17*o(w) + 6*p(w). Let d(r) = -4*r - 1. Let v(y) = -11*d(y) - 2*j(y). Give v(-1).
-5
Let p(n) = 2*n**3 - n**2 + n + 2. Suppose -2*t + 2*s = -3*t - 16, -s + 82 = -4*t. Let a be (1 - -3)*(t/8 - -3). Give p(a).
16
Let j(n) = 15*n**2 + 35 - 38*n**3 - 26 + 24*n**3. Let s(w) = -5*w**3 + 5*w**2 + 3. Let p(h) = 6*j(h) - 17*s(h). Calculate p(-5).
3
Let l(u) = -3*u + 138. Let w(n) = 3*n - 7. Let x(q) = 3*l(q) + 6*w(q). What is x(-41)?
3
Let i(g) be the second derivative of g**5/20 - g**4/2 - 3*g**3/2 + g**2 + 7*g. Let o be i(6). Let d = 56 + o. Let c(b) = b**2 - 6*b + 2. What is c(d)?
-6
Suppose 6 + 12 = -3*q. Let s(z) be the first derivative of -z**4/12 - z**3/2 + 3*z**2/2 - 26*z + 28. Let k(r) be the first derivative of s(r). Calculate k(q).
-15
Let p = -2265 + 2256. Let l(r) = -2*r**2 - 20*r - 24. Give l(p).
-6
Let j(b) = 3*b - 6*b + 92410 - 92399. Calculate j(4).
-1
Let a(p) = -3*p**2 - 2*p**2 + 0*p**2 + 19 + 4*p**2 - 50 + 15*p. Determine a(5).
19
Let p(a) = a**2 - 20*a - 10. Let h be (-14)/252 + (-325)/(-18). What is p(h)?
-46
Let b(g) = g**3 + 4*g**2 - 3*g - 1. Let c be b(3). Let a(h) = -35*h + h**2 - 19*h + c*h + 1. Give a(-2).
7
Let v(m) be the first derivative of -m**4/8 + m**3/2 + m**2 - 4. Let d(q) be the second derivative of v(q). Let n be (4 - 11)/(0 - -1). Give d(n).
24
Suppose 0 = 3*s, 16*x + s = 20*x - 20. Let y(f) = -8*f - 4. What is y(x)?
-44
Let h(c) be the first derivative of c**2 + 16*c - 96. Let x(o) = -3. Let q(v) = -h(v) - 3*x(v). Let b = -15 - -9. Calculate q(b).
5
Let l(d) = d**2 - 5*d - 12. Let r be l(6). Let t be 4 + -1 - (0 - -3). Let z(a) = -8 + 8 - a + t*a - 2. What is z(r)?
4
Let m(h) = -7*h - 38. Let v be m(-13). Let y = v + -47. Let f(x) = -5*x + 1 - 2 - y + 4*x. Give f(-7).
0
Let k(v) be the third derivative of -v**4/4 - 53*v**3/6 - 10*v**2 - 4. Give k(-9).
1
Let k(y) = -y - 3*y - 1 - 12 + 2. Let h(g) = 7*g - 8*g + 0 - 1 - 1. Let o(m) = 11*h(m) - 2*k(m). Determine o(-2).
6
Let r(x) = -x**2 + 5*x - 1. Let b = -22 + 27. Suppose 10 = 5*f - 3*v, 7 - b = f - 3*v. Determine r(f).
5
Let h be (7*(-8)/16)/(35/(-60)). Let d(k) = -24*k + 134. Determine d(h).
-10
Let h be (-5)/2*(-384)/(-160). Let z(n) = -331*n**2 + n + n**3 + 5 - n + 337*n**2. Determine z(h).
5
Suppose 44*m = 55*m - 40568. Let t(h) = -3684 - 2*h**2 + m + h**2. Let x(l) = l**2 + 3*l + 3. Let i be x(-3). What is t(i)?
-5
Let u(v) = -v**3 + 7*v**2 - 6*v - 7. Let w = -665 - -944. Let y = w + -273. Determine u(y).
-7
Let k(t) = -5*t + 8. Let z be 112/42*((-54)/(-4))/(24/(-4)). Determine k(z).
38
Let o(a) = -a - 4. Suppose -3*m = -5*y + 383 + 1779, -3*y + 3*m = -1302. Let d = y + -433. Calculate o(d).
-1
Let o(x) = -x**2 - 7*x + 9. Let z = 21 - -9. Suppose 9*s - z = -s. Suppose 0 = -5*n - s*w - 37, 3*w + 0 + 29 = -4*n. Give o(n).
1
Let i(v) be the third derivative of -2*v**5/15 - 19*v**4/3 + 2*v**3 + 4391*v**2 + v. Determine i(-19).
12
Suppose 15*u + 90*u - 8*u - 2134 = 0. Let a(m) = -3*m + 18. What is a(u)?
-48
Let b(m) = -12 - 11 + 34 + m - 9. Let j(h) = 2*h - 3 + 0*h + 10 + 2*h. Let w(a) = 9*b(a) - 2*j(a). Give w(7).
11
Let r(z) = -876*z**2 - z**3 + 6 + 0*z**3 + 872*z**2 + 8*z. Let i(y) = -2*y**2 + 3*y - 3. Let g = 25 + -23. Let j be i(g). What is r(j)?
-9
Let s = 455 - 443. Let m(t) = -t + 20. Determine m(s).
8
Let u = -122 + 129. Let r(v) = -v**2 - 8 + 27 - 6*v - u - 8. Let f = -11 - -5. What is r(f)?
4
Let r(c) = -c**3 - 3*c**2 + c + 4. Let q(x) = -x**2 + 6*x + 10. Let v be q(7). Let j be -6*2/(-8)*(-12)/v. Let a be (-222)/(-185)*(20/j)/1. Give r(a).
16
Let x(c) = -c**3 - 42*c**2 + 44*c + 40. Let p(z) = -z**3 + 8*z**2 - 43*z + 97. Let m be p(5). Give x(m).
-3
Let i be (-3 + 7013)/(-10) + -5. Let u = -702 -